7, 17341
List the prime factors of 851022520.
2, 5, 419, 50777
What are the prime factors of 2754966312?
2, 3, 7, 23, 43, 5527
What are the prime factors of 68972908?
2, 17243227
What are the prime factors of 1940785846?
2, 83, 307, 38083
What are the prime factors of 115415125?
5, 7, 17, 7759
List the prime factors of 1014671062.
2, 47, 229, 47137
What are the prime factors of 80433611?
199, 404189
What are the prime factors of 58433954?
2, 59, 101, 4903
List the prime factors of 547312675.
5, 7, 13, 113, 2129
List the prime factors of 1992068806.
2, 7, 13, 17, 643849
What are the prime factors of 215484914?
2, 101, 1066757
List the prime factors of 558907606.
2, 17, 16438459
What are the prime factors of 48451374?
2, 3, 2691743
List the prime factors of 133313512.
2, 16664189
List the prime factors of 296481474.
2, 3, 43, 383051
List the prime factors of 37032821.
7, 211, 25073
List the prime factors of 40889400.
2, 3, 5, 23, 2963
List the prime factors of 791771503.
791771503
What are the prime factors of 789360399?
3, 271, 323641
List the prime factors of 6868418435.
5, 29, 31, 1528013
List the prime factors of 71520710.
2, 5, 7152071
List the prime factors of 30567435.
3, 5, 2037829
What are the prime factors of 172698114?
2, 3, 28783019
What are the prime factors of 280286478?
2, 3, 197, 79043
List the prime factors of 128964233.
4001, 32233
What are the prime factors of 32515746?
2, 3, 5419291
List the prime factors of 1082455648.
2, 1151, 29389
List the prime factors of 6194928731.
1021, 6067511
What are the prime factors of 1605804635?
5, 157, 2045611
List the prime factors of 156510635.
5, 971, 32237
What are the prime factors of 81507191?
137, 311, 1913
List the prime factors of 72857480.
2, 5, 43, 42359
List the prime factors of 1197329464.
2, 9829, 15227
What are the prime factors of 2922598991?
13, 224815307
What are the prime factors of 1622532792?
2, 3, 23, 2939371
What are the prime factors of 292287844?
2, 61, 1197901
List the prime factors of 47875473.
3, 5319497
What are the prime factors of 1271886520?
2, 5, 2467, 12889
List the prime factors of 259947896.
2, 13, 31, 80629
List the prime factors of 134828913.
3, 5021, 8951
List the prime factors of 168138215.
5, 7, 4803949
List the prime factors of 503948046.
2, 3, 7, 43, 39863
List the prime factors of 704065376.
2, 7, 3143149
What are the prime factors of 845614461?
3, 281871487
What are the prime factors of 792087752?
2, 3989, 24821
List the prime factors of 35244619.
73, 482803
List the prime factors of 71067829.
7, 10152547
List the prime factors of 38508070.
2, 5, 173, 22259
List the prime factors of 661144416.
2, 3, 17, 37, 10949
List the prime factors of 3112615264.
2, 11, 19, 31, 15013
What are the prime factors of 40283264?
2, 7, 44959
List the prime factors of 731116215.
3, 5, 113, 143779
List the prime factors of 408602197.
1187, 344231
What are the prime factors of 33457772?
2, 8364443
What are the prime factors of 70131915?
3, 5, 7, 67, 3323
What are the prime factors of 266945452?
2, 23, 757, 3833
What are the prime factors of 476433804?
2, 3, 7, 11, 515621
List the prime factors of 17017272.
2, 3, 17, 13903
What are the prime factors of 82508413?
13, 6346801
What are the prime factors of 495970326?
2, 3, 27553907
What are the prime factors of 693585877?
107, 1291, 5021
List the prime factors of 258749640.
2, 3, 5, 79861
List the prime factors of 14357084.
2, 7, 19, 26987
What are the prime factors of 112581699?
3, 53, 708061
List the prime factors of 41547577.
47, 883991
List the prime factors of 80951587.
811, 99817
What are the prime factors of 347221035?
3, 5, 7, 223, 4943
What are the prime factors of 17112337?
11, 1049, 1483
List the prime factors of 666044446.
2, 491, 678253
What are the prime factors of 14907434?
2, 709, 10513
What are the prime factors of 152550592?
2, 659, 3617
What are the prime factors of 751865000?
2, 5, 150373
What are the prime factors of 37812830?
2, 5, 11, 379, 907
What are the prime factors of 26404558?
2, 29, 137, 3323
List the prime factors of 272372762.
2, 23, 37, 160031
What are the prime factors of 2246834872?
2, 1151, 244009
What are the prime factors of 1721516901?
3, 13, 107, 412537
List the prime factors of 44359156.
2, 11089789
What are the prime factors of 163640712?
2, 3, 6818363
What are the prime factors of 15060147?
3, 17, 23, 37, 347
List the prime factors of 1202829823.
13, 92525371
What are the prime factors of 87921862?
2, 7, 61, 102953
List the prime factors of 87739980.
2, 3, 5, 113, 12941
What are the prime factors of 124768421?
19, 59, 111301
List the prime factors of 35030873.
4027, 8699
List the prime factors of 244811125.
5, 13, 79, 1907
List the prime factors of 2007693698.
2, 433, 2318353
What are the prime factors of 6728746?
2, 37, 79, 1151
List the prime factors of 37782914.
2, 13, 877, 1657
List the prime factors of 80393048.
2, 751, 13381
List the prime factors of 104023102.
2, 17, 73, 41911
List the prime factors of 269888249.
37, 1987, 3671
List the prime factors of 40152370.
2, 5, 4015237
What are the prime factors of 403448033?
19, 1831, 11597
What are the prime factors of 45373109?
1439, 31531
What are the prime factors of 4427672875?
5, 29, 1221427
What are the prime factors of 177724751?
101, 1759651
What are the prime factors of 1163260725?
3, 5, 11, 43, 271
List the prime factors of 2163066051.
3, 53, 13604189
List the prime factors of 226938148.
2, 23, 239, 10321
What are the prime factors of 107243190?
2, 3, 5, 47, 313
What are the prime factors of 206882567?
947, 218461
List the prime factors of 2227602766.
2, 1113801383
What are the prime factors of 3678001018?
2, 1019, 1804711
What are the prime factors of 357131392?
2, 2790089
What are the prime factors of 4893189?
3, 7, 33287
List the prime factors of 5695254253.
13, 438096481
What are the prime factors of 89154638?
2, 409, 108991
What are the prime factors of 13621421?
11, 71, 107, 163
What are the prime factors of 101363979?
3, 17, 37, 53717
List the prime factors of 74213506.
2, 19, 379, 5153
List the prime factors of 69850906.
2, 109, 320417
What are the prime factors of 2369661072?
2, 3, 49367939
List the prime factors of 1106164516.
2, 29, 2239, 4259
What are the prime factors of 454981880?
2, 5, 17, 669091
List the prime factors of 36308245.
5, 787, 9227
What are the prime factors of 816382833?
3, 7, 38875373
List the prime factors of 95104040.
2, 5, 2377601
What are the prime factors of 662209956?
2, 3, 18394721
List the prime factors of 75282990.
2, 3, 5, 2509433
List the prime factors of 262943308.
2, 2897, 22691
List the prime factors of 1413961388.
2, 7, 641, 78781
List the prime factors of 652622089.
7, 19, 4906933
What are the prime factors of 893984316?
2, 3, 1451, 51343
What are the prime factors of 1474869986?
2, 17, 23, 43, 1907
List the prime factors of 2799758906.
2, 7, 199982779
List the prime factors of 183934936.
2, 29, 433, 1831
List the prime factors of 1317911303.
53, 24866251
What are the prime factors of 116326328?
2, 14540791
List the prime factors of 150203491.
241, 499, 1249
What are the prime factors of 54674430?
2, 3, 5, 1822481
What are the prime factors of 7959354188?
2, 8369, 237763
List the prime factors of 82850869.
82850869
List the prime factors of 4428948484.
2, 197, 5620493
What are the prime factors of 5066077723?
7, 43, 83, 199, 1019
What are the prime factors of 1135632372?
2, 3, 7, 113, 181, 661
What are the prime factors of 185651159?
11969, 15511
List the prime factors of 674474317.
11, 61315847
What are the prime factors of 696208450?
2, 5, 7, 19, 104693
What are the prime factors of 268944691?
268944691
What are the prime factors of 84257464?
2, 23, 47, 9743
List the prime factors of 158792201.
97, 419, 3907
What are the prime factors of 44707766?
2, 31, 37, 19489
What are the prime factors of 287436843?
3, 73, 48611
List the prime factors of 284797560.
2, 3, 5, 643, 3691
List the prime factors of 164841388.
2, 41210347
What are the prime factors of 200809160?
2, 5, 5020229
What are the prime factors of 1428701536?
2, 44646923
What are the prime factors of 166237891?
5167, 32173
What are the prime factors of 88410963?
3, 593, 49697
List the prime factors of 144500716.
2, 